eatest common divisor of 63 and m?
9
Suppose -12*g - 220 = -14*g. What is the highest common factor of 165 and g?
55
Let r be 1/(-4) - (-846)/24. Let h = -65 + r. Let t = 15 - h. Calculate the greatest common factor of 18 and t.
9
Let b be (17 + 1 - 1) + -3. What is the greatest common divisor of b and 2?
2
Let n(o) = -o**3 - 3*o**2 + 7*o - 6. Let y be n(-5). Calculate the highest common divisor of 18 and y.
9
Let f(i) = i**3 + 7*i**2 + 7*i. Let w(k) = k**2 - k - 5. Let u be w(0). Let y be f(u). Calculate the highest common divisor of 3 and y.
3
Let z(i) be the third derivative of i**6/120 + 11*i**5/60 + i**4/3 + i**3/3 + 2*i**2. Let l be z(-10). What is the greatest common factor of 33 and l?
11
Let b = 46 - 32. Suppose 0 = 4*o + 46 + 66. Let r be (-1576)/o - (-2)/(-7). What is the greatest common factor of b and r?
14
Let y = 0 + 5. Let q(g) = g**2 - g - 7. Let l be q(7). What is the greatest common factor of l and y?
5
Let l be (-2 + (0 - -2))/(-2). Let r be 2/2 - (l - 1). Suppose -24 = -r*k - 0*k. Calculate the highest common factor of 132 and k.
12
Suppose 4*y + 56 = 5*v, 3*y = v - 4 - 5. Suppose 4*x + v = 3*c, 12 = 5*x - x. What is the highest common factor of c and 24?
8
Let v = 29 + -7. What is the highest common factor of v and 88?
22
Suppose -3*q = 15, -5*v + q - 6*q = 240. Let g = v - -61. What is the highest common divisor of 36 and g?
18
Suppose 3346 = 2*m + 5*m. Suppose 4*v + 2*c - 5*c - m = 0, 4*v = -c + 486. Calculate the highest common factor of v and 11.
11
Suppose -3*k - 2 = -17. Let c be -3 + 1 + 1 + -3. Let z = k + c. What is the greatest common divisor of z and 11?
1
Suppose -s + 4*s - 4*j - 1 = 0, 3*s - 15 = -3*j. Suppose -o = -4*o + s. Suppose 3*f = -o + 64. What is the greatest common divisor of 7 and f?
7
Let h be (2 + -3)*(-9 + -8). Calculate the greatest common divisor of h and 221.
17
Suppose -3*h = 5*x - 26, 3*h = 3*x - 2 - 4. Suppose -2*v - 40 = -4*v. Calculate the highest common factor of v and x.
4
Let u = 42 - 6. What is the greatest common factor of u and 4?
4
Let u(o) = 20*o + 9. Let w be u(-7). Let r = -35 - w. Calculate the highest common divisor of 12 and r.
12
Let i = -34 - -48. Suppose 0 = 4*k - 12, -2*u = 3*k - i - 3. Let h be ((-4)/(-10))/((-3)/(-15)). Calculate the highest common divisor of u and h.
2
Suppose -54 = -4*l + 298. Let u be ((-2)/4)/(1/(-68)). Suppose 4*t + 2*r - 74 = -26, -4*t + 5*r = -u. What is the greatest common factor of l and t?
11
Suppose 29 = v + 2*v - q, 3*v = -3*q + 33. Suppose 12 = 4*a, s + s + 10 = 2*a. Let k = s + v. What is the greatest common divisor of k and 88?
8
Suppose 0 = 2*g - 22 - 90. What is the highest common factor of 14 and g?
14
Suppose 4*l = 2*c + 164, -5*l + 2*c = -95 - 109. Let h = -33 - -49. Calculate the highest common divisor of h and l.
8
Let q = 53 - -35. What is the greatest common divisor of q and 8?
8
Let h be 0 - 9*(-9)/3. Calculate the highest common divisor of 9 and h.
9
Let z be (-2)/(-4) - (-3)/(-6). Suppose -c = 4*d + c, z = 3*c. Suppose d = 4*w + l - 3*l - 20, -2*w - 4*l = 0. What is the greatest common factor of 4 and w?
4
Suppose -s - 60 = -5*k + 3*s, 2*k - 5*s - 24 = 0. Let c be 664/k + (-2)/6. Calculate the highest common factor of c and 11.
11
Let x(v) = -2*v**3 - 8*v**2 - 6*v + 5. Let d be x(-6). Let i be 2/(-6) + d/15. What is the greatest common factor of 96 and i?
12
Let x be (-880)/(-28) + (-8)/(-14). What is the highest common factor of x and 32?
32
Let r(h) = -h**2 + 4*h + 6. Let i be r(3). Calculate the highest common factor of i and 99.
9
Let s = 102 - -10. What is the greatest common divisor of 14 and s?
14
Let z be (44/10)/((-80)/(-200)). Let t be 2/5 + 326/10. What is the greatest common divisor of t and z?
11
Let q(v) = -v**3 - 19*v**2 - 3*v - 44. Let d be q(-19). What is the greatest common factor of d and 65?
13
Let i(s) = -17*s - 9. Let p be i(-3). Suppose -n = n - p. Calculate the highest common factor of 7 and n.
7
Suppose -2*g - 18 = -3*g. What is the greatest common factor of g and 90?
18
Let t(x) = -2*x - 11. Let c(u) = u + 10. Let k(p) = 3*c(p) + 2*t(p). Let s be k(0). What is the greatest common divisor of 8 and s?
8
Let u(t) = 0*t - 3*t - 3*t + t - 7 + 2*t**2. Let i be u(6). Suppose 6 = 2*w - 8. What is the highest common divisor of w and i?
7
Suppose 4*m + 16 = 4. Let c be (m*1)/(-3) + 79. Suppose 2*a + 2*w = 26, -3*a + 3*w = -3 - 18. What is the greatest common divisor of c and a?
10
Suppose p = -3*p + 104. Suppose -2*s = -2 - 4. Suppose -s*c + x = -3*x - 23, 0 = 5*c - x - 61. Calculate the greatest common factor of c and p.
13
Suppose -21*w + 430 = -16*w + 5*x, -4*w - x + 338 = 0. Let o(m) = m**3 + m**2 + 12. Let d be o(0). What is the highest common factor of d and w?
12
Let k = 118 - 22. Calculate the greatest common factor of k and 24.
24
Suppose 0 = -w - 10 + 40. What is the greatest common factor of 15 and w?
15
Let f = 36 - 22. Calculate the greatest common factor of f and 56.
14
Let h(a) = 44*a**2 + 7*a + 1. Let m(l) = 22*l**2 + 3*l. Let r(j) = -2*h(j) + 5*m(j). Let z be r(1). Calculate the highest common divisor of z and 105.
21
Let n = -46 - -53. Let y be 2 - 6/2 - -15. What is the greatest common divisor of n and y?
7
Let o be 0 + (-3 + 1)*(1 + -101). Calculate the greatest common factor of o and 25.
25
Let a = -61 - -69. Calculate the highest common divisor of 32 and a.
8
Let f = 81 - 77. Let z be 0 + -1*(-2 - 2). Suppose 0 = -z*w + 20, -3*l = l + 2*w - 42. What is the greatest common factor of l and f?
4
Suppose 0 = 4*c - 5 + 1. Calculate the greatest common divisor of 9 and c.
1
Let s be 15*(-2)/4*-2. Let p = 7 - 2. Calculate the greatest common factor of p and s.
5
Let f(a) = -2*a**3 - 7*a**2 - 5*a - 1. Let g be f(-4). What is the greatest common divisor of g and 10?
5
Let c(q) = -q**3 - 15*q**2 - 16*q + 26. Let p be c(-14). What is the greatest common divisor of 18 and p?
18
Let q(w) = -w**3 + 1. Let o be q(-3). What is the highest common divisor of o and 196?
28
Suppose o + 2 = 8. Suppose -5*w + 37 = 4*q, q - o*q - 5*w + 40 = 0. Let y be -8*(-1 - q/12). What is the greatest common divisor of 80 and y?
10
Let b(i) = 2*i**3 + 5*i**2 - 4*i - 2. Let s be b(-5). Let z = -65 - s. Let u(m) = 7*m. Let a be u(4). What is the greatest common divisor of z and a?
14
Suppose 2*n + 28 = 2*g, -3*g + 10 + 36 = -2*n. Suppose 3*o = 3*c + 12, 0 = -3*o + 3*c - 4*c + 20. Calculate the greatest common factor of g and o.
6
Let x(q) = 5*q - 7. Let d be x(3). What is the greatest common factor of d and 8?
8
Suppose -23*p + 4 = -19*p. Let x(y) = -y**3 + 5*y**2 + 6*y + 2. Let w be x(6). What is the greatest common divisor of w and p?
1
Let f = -2 - -2. Suppose f + 12 = -4*h. Let l = 0 - h. Calculate the highest common divisor of l and 6.
3
Let f be (280/(-15))/((-2)/6). Suppose -n = -6*n + 40. What is the greatest common factor of f and n?
8
Let t be (-2)/11 + 4172/(-44). Let y be (-7)/(-14) + t/(-2). Calculate the highest common factor of 6 and y.
6
Let i(l) = -l**3 + 3*l**2 + 6*l - 6. Let v be i(4). Suppose -2*q = v*q - 20. Let s = 0 + q. What is the highest common divisor of 35 and s?
5
Let u = 132 - 85. Calculate the highest common divisor of 94 and u.
47
Suppose -3*x + 87 = -201. Let g be ((-7)/(14/48))/(0 - 2). Calculate the highest common divisor of g and x.
12
Let a(z) = z**3 - 9*z**2 - 6*z - 1. Let i be a(10). Let c be 2/(-3 + 5) - -12. Calculate the greatest common divisor of i and c.
13
Suppose -2*s = -17 + 7, -2*s = q - 109. Calculate the highest common divisor of 11 and q.
11
Let c = 1 - 9. Let n(o) = o**2 - 8*o - 4. Let x be n(c). Suppose 5*u = x - 39. What is the highest common factor of u and 17?
17
Suppose -52 = -l - w - 3*w, -2*w + 6 = 0. Suppose v - 25 = 5*b, 7 = -5*v - 4*b + 16. What is the greatest common divisor of l and v?
5
Suppose 0 = -y + 4*y - 9. Suppose 2 = r, y*l - 3*r + 13 = 4*l. What is the highest common divisor of l and 63?
7
Let i = 14 - 12. Suppose 22 - 6 = i*h. Calculate the greatest common divisor of h and 4.
4
Suppose 0 = -b - 0*b - 13. Let k be (3 - (b + 2)) + 2. What is the highest common factor of 160 and k?
16
Let n = 15 - 9. Let u be n/(-27) + 38/9. Suppose -88 = -u*b - 16. Calculate the highest common divisor of 90 and b.
18
Let a be (-8)/20 - 384/(-10). Let c = a + 60. Supp